 3*o, 4*o - 2*o + 6 = n*w. Give z(w).
-5
Let h(v) = v**3 + 15*v**2 + 15*v + 7. Let q(w) = w**3 - w - 14. Let z be q(0). Calculate h(z).
-7
Let a(z) = z**2 + z - 1. Let o(d) = 2*d**3 + 5*d + 14. Let f(n) = 4*a(n) - o(n). Let k(w) = -w**3 + w**2 - 1. Let r(v) = f(v) - 3*k(v). What is r(0)?
-15
Suppose -2642 = 6*a - 2636. Let u(s) = -38*s**2 + s. Give u(a).
-39
Let m = -8 + 13. Let c(z) = -11*z**2 - 14*z + 25. Suppose 2*j + j + 39 = 0. Let a(y) = 5*y**2 + 7*y - 12. Let v(i) = j*a(i) - 6*c(i). Determine v(m).
-4
Suppose -x + 2*r = -3 + 8, 2 = -2*x - 4*r. Let o(g) = 2*g**2 + 5*g + 6. What is o(x)?
9
Let v(x) be the first derivative of 3*x**2/2 - 16*x - 594. Give v(5).
-1
Let j(w) = -775*w + 4*w**3 - 2*w**3 + 774*w - 7*w**2 - 5*w**2. Give j(6).
-6
Let o(q) be the first derivative of -3*q**2/2 - 59*q + 309. Determine o(-21).
4
Let g be 6 - (-1 + 4)*1. Suppose 16 + 2 = g*s. Let i(t) = -3*t + 2*t - 6 + 5 + s. Give i(0).
5
Let c(l) = -3*l. Let s(w) = -3*w - 1. Let m(y) = -2*c(y) + s(y). What is m(3)?
8
Let o(a) = 157*a + 1 - 80*a - 78*a - 6. Determine o(-9).
4
Let z(m) = -59 - 55 - 6*m - 52 - 60 + 231 - m**2. Let i = 1 - -2. Suppose 24 = -g - i*g. Determine z(g).
5
Let p(v) = -4*v - 4. Let z(o) = -203 + 4*o + 201 - 6*o. Let g(n) = 6*p(n) - 13*z(n). What is g(-4)?
-6
Let r(x) = 3*x**2 - x + 1 + x - 5*x**2. Suppose 0*u = 2*u + 6. Let p = 4 + u. Give r(p).
-1
Let r(z) = -34*z**3 + 17*z**3 + 9*z**3 - 4 + 9*z**3 - 6*z**2 - 5*z. Calculate r(7).
10
Let k(n) = n**3 + 4*n**2 + 6*n + 6. Let x be 5/15 + 0 + 13/(-3). Calculate k(x).
-18
Suppose 133*i = 125*i - 32. Let h(n) = -n**3 - 5*n**2 - 4*n - 3. Determine h(i).
-3
Let a(f) = -57*f + 29*f + 27*f - 2. Give a(4).
-6
Suppose -10 = -4*d + 2. Suppose 1 = -j - d*p + 4, 5*j - 5*p - 55 = 0. Let r(i) = i**3 - 10*i**2 + 10*i - 6. Let k be r(j). Let v(b) = -b + 7. Calculate v(k).
4
Suppose -8*w + 3*w = -105. Suppose w*x = 24*x + 15. Let n(i) = -5*i**2 - 5*i + 10. Let a(b) = 4*b**2 + 5*b - 9. Let l(f) = -4*a(f) - 3*n(f). Calculate l(x).
6
Let n(y) = 22*y - 20. Let r(j) = -12*j + 11. Let t(c) = -4*n(c) - 7*r(c). Determine t(-7).
31
Let b(i) = i. Let s(k) = -3*k. Let p(c) = -4*b(c) - s(c). Let a be p(-3). Let h(o) = -3 + o**2 - o**2 + o**3 + a*o - o**2. Give h(2).
7
Let n(z) be the third derivative of z**6/120 - z**5/60 + z**4/24 + 17*z**3/3 + 487*z**2. Determine n(0).
34
Let v(b) be the second derivative of 5/12*b**4 + 3/2*b**2 - 1/3*b**3 - 11*b + 1/20*b**5 + 0. Let f be 40/(-16)*(0 + 2). What is v(f)?
13
Let j(f) = f**3 - 4*f**2 - 4*f + 2. Let l be (24/12)/(6/(-9)). Suppose 0 = -i + 3*i. Let n be 3 + 5 + i + l. Give j(n).
7
Let p(l) = 7*l**2 - 5*l + 11. Let k(m) = m**2 - m + 2. Let i(x) = -6*k(x) + p(x). Determine i(-5).
19
Let j(q) be the first derivative of q**3/2 - q**2 + 2*q + 11. Let x(a) be the first derivative of j(a). Determine x(2).
4
Let j be 0 + (48 + 0)/(-2). Let v be (16/(-6))/(16/j). Suppose -3*z - 2*m - 10 - v = 0, 20 = -5*m. Let k(u) = -u**2 + 3*u + 2. What is k(z)?
-8
Let q(t) = 9*t + 5. Let k(d) = 36*d + 21. Let g(j) = -2*k(j) + 9*q(j). Let c = 12 + -12. Suppose y - 6*y - 10 = c. Give g(y).
-15
Let i be -5*((-8)/(-68) + (-45)/(-51)). Let c(s) = s**2 + 7*s + 1. Give c(i).
-9
Let t(o) = -6*o + 3. Let v be ((-32)/(-6))/(16/72). Let z be v/(-10)*50/(-20). Suppose z*m - 2*m + 30 = 5*w, 18 = -w - 4*m. Calculate t(w).
-9
Let y(b) = b**2 + b - 15. Let z be (-22)/22*(-1)/(-2)*0. Determine y(z).
-15
Let y(w) be the first derivative of -3 - 1/4*w**4 + w**2 + 5*w + 5/3*w**3. Let z be (9 - -1)/(-3*12/(-18)). Calculate y(z).
15
Let t(n) = 10*n**2 + 33*n + 55. Let u(q) = -13*q**2 - 33*q - 53. Let s(l) = 4*t(l) + 3*u(l). What is s(-31)?
-1
Let w(l) = -20*l**3 + 37*l**2 - 13*l - 33. Let h(a) = 11*a**3 - 19*a**2 + 7*a + 17. Let x(p) = 11*h(p) + 6*w(p). Calculate x(-13).
2
Let c(z) = 4*z**3 + z + 1. Let a(k) = -k**3 + 8*k**2 - 5*k - 12. Let q be a(7). What is c(q)?
35
Suppose 12 = h + 6. Suppose 3*c - 3*g - 27 = 0, -5*c = -3*c + g - h. Let r(n) be the second derivative of -n**3/6 + 7*n**2/2 + n. Calculate r(c).
2
Let w(m) = -m**3 + 5*m**2 + 6*m + 7. Suppose 4*s - 3 = 13. Suppose s*u = -4*c + 3 + 5, -4*c = 0. Let p be (u/(-6))/((-1)/18). Give w(p).
7
Let f(z) = 4*z + 3. Let y(r) = 8 - r + 5 - 14. Let k(a) = -2*f(a) - 9*y(a). Give k(-2).
1
Let d be (-14)/(-35) + 26/10. Let s(k) = -k**d + 5*k**2 - k + 15 + 0*k**2 - 1 - 8. What is s(5)?
1
Let c(j) = -6 - 2 + 2 + 13*j - j. Let w be c(1). Let s(n) = -n**2 + 5*n - 4. Calculate s(w).
-10
Let v(n) = 15*n + 10. Let q = 1020 - 1021. Determine v(q).
-5
Let l(t) = -2*t + 3. Let r be (-400)/(-112) + (-4)/7. Suppose -r = 4*p - 5*p. What is l(p)?
-3
Let c be (-2)/(6/(-57)) + -1. Suppose c*u - 22*u + 8 = 0. Let y(p) = p**3 - 2*p**2 - 3*p + 3. Give y(u).
-3
Let v be (-1 + -4)*-1*(-6 + 5). Let y(l) = l**3 + 5*l**2 - 5*l - 4. Give y(v).
21
Suppose -4*y = -3*m - 26, 32*m - 28*m = 5*y - 33. Let c(j) be the second derivative of j**3/3 - j**2/2 + j. Determine c(y).
9
Let h = 1279 + -1289. Let s(g) = -4*g - 25. Give s(h).
15
Let v be 1 + -3 - 40/(-5). Let k(x) = 2 - x - 10 + 3 + 6. What is k(v)?
-5
Let z(j) be the first derivative of 1/2*j**2 + 5*j + 10. Determine z(0).
5
Let z(q) be the second derivative of -3*q**5/20 + q**4/6 - q**3/2 + 3*q**2/2 - 7*q. Let n(a) = -a**3 + a**2 - a + 2. Let c(b) = 5*n(b) - 2*z(b). Give c(0).
4
Let g(o) = -o**3 + 4*o + 2. Let v(c) be the third derivative of -c**6/120 + 5*c**4/24 + c**3/3 - 14*c**2. Let z(q) = 3*g(q) - 2*v(q). Determine z(-2).
6
Let s = 61 - 55. Let u(n) = -6*n**3 + 11*n**2 - 11*n - 2. Let l(i) = -7*i**3 + 12*i**2 - 12*i - 3. Let c(g) = s*u(g) - 5*l(g). Calculate c(4).
11
Let f = -5 - -10. Let g(c) = -6 + f + 2*c + 2 + 1. Let y = 742 - 745. Give g(y).
-4
Suppose 0 = 5*c - 3*r, 2*c + 0*r = -3*r. Let z(d) = 4*d**2 + 2*d**3 - d + c*d**3 - d**3 - 3*d**2 + 5. Calculate z(0).
5
Suppose -n = -0*n + 24. Let m = n + 27. Let s(p) = -2*p**3 - 2 + 5*p**2 + 1 + 3*p**m - 4*p**2. Determine s(-1).
-1
Let h(x) = x**2 - 6*x - 1. Let a(p) = p**3 + 19*p**2 + 36*p + 39. Let s be a(-17). What is h(s)?
-6
Suppose x - 40 = -9*x. Let i(u) = -u**2 + 3*u. What is i(x)?
-4
Let u(o) = 3*o - 29. Let g be u(12). Let c(y) = -4 + g - 2*y + y - 5*y. Give c(2).
-9
Let d(x) be the first derivative of -3/2*x**2 + 6 + 2*x**3 - 1/4*x**4 - 5*x. Let y be (4/6)/(2/15). Calculate d(y).
5
Let y = -45 - -48. Let t(a) = -a - 3 - a**3 - 1 + 2*a**y - 2*a**3. Determine t(0).
-4
Suppose 4*a - 10 = c - 3*c, -2*a = 3*c + 1. Let k be (-2)/10 + 3/15. Let r(t) = -a - t + k*t + 8. Calculate r(-5).
9
Let i(t) = -46*t + 3. Let f(d) = -23*d + 2. Let h(w) = -5*f(w) + 3*i(w). Calculate h(-1).
22
Let y(m) = -5*m**3 - 6*m - 4. Let r(z) = -4*z**3 + z**2 - 5*z - 2. Let g(n) = 3*r(n) - 2*y(n). Give g(3).
-34
Let c(t) = t - 20. Let o be c(17). Let v = o - -12. Let u = v - 12. Let x(j) = 3*j + 3. What is x(u)?
-6
Let q be 0/(-3)*(-4)/(-12). Let t(s) = 3 - 2 - s - s + q. Suppose u = 2*n + n - 7, -2*n = -5*u - 22. Determine t(n).
-1
Let a(h) be the second derivative of h**3/3 - 3*h**2/2 - 5*h. Let v(t) = -t**3 + 5*t**2 + 6*t + 4. Let r be v(6). Give a(r).
5
Let u(x) be the third derivative of -x**6/360 + x**5/120 + 17*x**4/24 + 12*x**2. Let m(i) be the second derivative of u(i). Determine m(1).
-1
Let a(k) = 4*k + 13. Let b be a(-3). Let q(j) = j**2 - 6*j - 7. Let x(o) be the second derivative of -o**2/2 + 2*o. Let l(f) = b*q(f) - 2*x(f). What is l(5)?
-10
Let p(b) = -3*b**3 - 5*b**2 - 6*b - 1. Let g(z) = 6*z**3 + 5 - 3 + 7*z**2 + 12*z + 3*z**2 + z**3. Let d(x) = 2*g(x) + 5*p(x). Give d(-4).
7
Let h = 40 - 96. Let q = h + 55. Let t(x) = -13*x**3 - x**2 - x. Determine t(q).
13
Let m(y) = -y**3 - 10*y**2 + 9*y + 1. Let k be m(-11). Let w = k - -1. Suppose 3*n = 0, -4*b + 0 - w = -4*n. Let i(t) = t. Determine i(b).
-6
Let p(w) be the first derivative of 3*w**2/2 - 8*w + 198. What is p(4)?
4
Let x(r) = 2 + 4 - 24*r + 1 - 4 + 13*r. Determine x(3).
-30
Let t be 18/3 - (0 + 1). Suppose s + 3 = t*y, -2*y - 2*s + 9 = 3*y. Let q(c) be the third derivative of c**6/12 - c**5/60 - 343*c**2. Give q(y).
9
Suppose 0*y + 3*y - 21 = 0. Let m be (-24)/(-14) + 2/y. Suppose 0 = 2*c + 5*f - 33, 2*c - 3*f + 17 = m*f. Let b(p) = -p**3 + 3*p**2 + 7*p - 6. What is b(c)?
6
Let r(o) be the first derivative of 5*o**3/6 + 15*o + 9. Let t(z) be